/(-14). Suppose 81 - r = j. What is the units digit of j?
8
Suppose 136*h - 1063394 = 1335102. What is the units digit of h?
6
Suppose -24*v + 20*v - 5*o + 870 = 0, -5*v = -o - 1102. Suppose 0 = -v*l + 222*l - 980. What is the tens digit of l?
9
Let k be (4 - (-3850)/(-21))*-3. Suppose s - 632 = -3*g, 2*s - 4*g - k = 736. What is the units digit of s?
5
Let z(l) = -1131*l - 10020. What is the ten thousands digit of z(-52)?
4
Suppose 0*n = 11*n + 4741. Let u = 1007 + n. What is the hundreds digit of u?
5
Suppose 0 = -4*x + 4*a + 3104, -8*x = -5*x + 2*a - 2353. Suppose x*j - 773*j - 3376 = 0. What is the hundreds digit of j?
4
Suppose -29*i + 67355 = -24*i + 10*r, i - 13479 = -r. What is the tens digit of i?
8
Let o(k) = -9539*k - 1208. What is the units digit of o(-2)?
0
Let m(y) = -11*y + 8. Let b(z) = -z - 1. Let f(g) = 4*b(g) - m(g). Let r be f(13). Let l = -12 + r. What is the units digit of l?
7
What is the tens digit of 8/(-24 + 22) + 5989 + 0?
8
Let i(o) = 3*o**2 + 3*o + 3. Let c be 1*2*2/(-4). Let t be i(c). What is the units digit of t/9 - (-190)/6?
2
Let a = 68 - 65. What is the tens digit of (-31000)/(-75) - (-2)/a?
1
Let b = -160 - -229. What is the thousands digit of -4 + -6*30/(-12)*b?
1
Let t = -55 + 59. Suppose -b + 41 = -t*h, -3*b + 153 = b - 5*h. Suppose 36*n = b*n - 56. What is the tens digit of n?
5
Suppose 28 = 4*k + 12. Suppose 3*i - 3 = -o + k*o, 3*i = -3*o + 15. What is the tens digit of (i + 14/(-4))/(3/(-108))?
1
Let u(m) = -444*m + 9. Let s be u(1). Let t = 625 + s. What is the tens digit of t?
9
Suppose 0 = -p + w + 1, 5*w - 24 = -4*p + 4*w. Let t(v) = -7 + 24*v + 10*v**2 - p - 7*v**2. What is the units digit of t(-14)?
0
Suppose -5*g - 4*a + 6120 = -a, 4*g + 4*a - 4896 = 0. Let u be 1 + 1 - -1 - g/(-12). Suppose -u = -2*m - 41. What is the tens digit of m?
3
Suppose 65*b = 60*b + 5, -149376 = -5*q - b. What is the units digit of q?
5
Suppose -3201*v + 58273 + 247827 = -3191*v. What is the hundreds digit of v?
6
Let r = -9643 - -16536. What is the thousands digit of r?
6
Suppose -45 = 13*w - 28*w. What is the units digit of (-14)/(-7) + 1734 - w?
3
Suppose -2*a + 5*x = -0*a - 5, -47 = -5*a + x. Suppose -730 - 440 = -a*n. What is the tens digit of n?
1
Let y(k) = -3054*k + 264. What is the tens digit of y(-2)?
7
Suppose 0 = -5*h - 1628 + 323. Let u = 2574 - 2989. Let g = h - u. What is the units digit of g?
4
Let n = -10283 + 19984. What is the units digit of n?
1
Suppose 18*g = 4*g + 1414. Suppose -g = -w - 3*i, 0 = 3*w - 5*i - 363 + 116. What is the tens digit of w?
8
Suppose 4*v + 2*v - 102 = 0. Suppose -h = v - 291. What is the hundreds digit of h?
2
Let f be (9/(-2))/(10/(-1820)). Suppose -3*x + 306 = -f. What is the tens digit of x?
7
Let w(f) = 6*f**2 - 18*f - 52. Let l(k) = 5*k**2 - 19*k - 51. Let z(h) = -5*l(h) + 4*w(h). What is the hundreds digit of z(13)?
1
Suppose k = 5 - 0. Suppose k*i = -0*f - 2*f + 2196, 4*i = -2*f + 1758. What is the units digit of i?
8
Let z be ((-2)/(-5))/(5/(-75)). Let u(r) be the first derivative of 2*r**3/3 - 5*r**2 - 9*r + 55. What is the units digit of u(z)?
3
Let n be -1*2/4*(-600)/(-50). What is the hundreds digit of (((-2349)/15)/3)/(n/20)?
1
What is the hundreds digit of ((-50042)/6)/(-4*(-31)/(-372))?
0
Suppose -5874 + 4000 = -2*v. What is the units digit of v?
7
Let j(w) = 28*w + 12. Let x = 99 - 167. Let l = x + 75. What is the hundreds digit of j(l)?
2
Let n(q) = -q + 4. Let f be n(3). Let d be 17/34 + f/2*15. Suppose -4*b = -d*b + 156. What is the tens digit of b?
3
Suppose -150329 - 41720 - 110543 = -197*l. What is the hundreds digit of l?
5
Suppose 0 = -3*f + 3*m - 156, -7*f - 5*m - 172 = -3*f. Let p = f + 54. Suppose -97 = p*t - 541. What is the units digit of t?
4
Let v be ((-12)/(-24))/((-1)/(-2)) - -183. Let x = 625 - v. Suppose -285 = -3*g - 5*w, -5*g = -0*w - 3*w - x. What is the tens digit of g?
9
Suppose -40 = -5*r + 8*r - p, 0 = -2*r + 3*p - 29. Let y(w) = 4*w**2 + 37*w - 13. What is the hundreds digit of y(r)?
1
Suppose x + 868 = 3*x. Suppose -3*i + 393 = -4*z, 5*i + 4*z - 221 - x = 0. Let q = 303 - i. What is the units digit of q?
2
Suppose 8*u - 4*j = 4*u + 60, -9 = -u - 2*j. Suppose -r - 778 = 11*f - u*f, 0 = r + 2. What is the hundreds digit of f?
3
Let u = 1117 + -177. Suppose -4*v + u = 2*p, 5*p + 1182 = 5*v + 4*p. What is the units digit of v?
6
Let a(f) = f**2 - 21*f + 1. Let s be a(21). Let i be s*(-3)/12 + (-2605)/(-20). Let c = i - -13. What is the hundreds digit of c?
1
Let m(s) be the second derivative of 8*s**2 + 2*s. Let k(x) = -x + 48. Let z(a) = 4*k(a) - 11*m(a). What is the tens digit of z(-5)?
3
Let x(y) = y**3 - 25*y**2 + 130*y + 55. What is the ten thousands digit of x(33)?
1
Let i(m) be the third derivative of m**5/40 + 7*m**4/24 + 2*m**3/3 - 5*m**2. Let n(k) be the first derivative of i(k). What is the tens digit of n(7)?
2
Suppose -5*g + 1448 = 4*q, 2*q + 3*g - 1448 = -2*q. Suppose 7*u - q = 6*u. Suppose -3*l - 2*s = -u, 0*l = 5*l - 3*s - 597. What is the hundreds digit of l?
1
Let y be (-4)/4*-13 - 1. Let p be y/5 + (-6)/(-10) - 116. Let q = p - -122. What is the units digit of q?
9
Suppose 5*h + l = 2*l - 18, -5*l + 6 = -4*h. Let w(q) = 36*q - 10. Let o be w(h). Let s = -71 - o. What is the units digit of s?
3
Let v(t) = -3*t**3 - 3*t**2 + 7*t + 18. Let o be v(-2). Suppose -o*p + 21029 = -267. What is the units digit of p?
1
Let g = 29 + -26. Suppose j + g*y = 6, 3*y - 15 = 2*j - 0*y. What is the tens digit of (-91)/(-3) + (j - 11/(-3))?
3
Suppose 16*u = 126799 - 22895. What is the thousands digit of u?
6
Let f be 903*((-6)/51 - 148/(-102)). Suppose f*g - 2855 = 1199*g. What is the hundreds digit of g?
5
Suppose 3*a + 232 - 1745 = 2*c, a - 3*c = 509. Let v = a - 330. What is the hundreds digit of v?
1
Let j = 3687 - -11809. What is the tens digit of j?
9
Let y(i) = 6327*i - 6347. What is the thousands digit of y(11)?
3
Let l be (-33)/22 + (-3)/(-2). Suppose 0 = -3*y + 12, -3*q + l*y = -y + 4. Suppose -z + 46 = -3*j - 5, q = -3*z + j + 185. What is the units digit of z?
3
Let c = -858 - -1488. What is the hundreds digit of ((c/27)/14)/((-1)/(-108))?
1
Let a = -10 + 14. Let l be a*(1/7 + (-39)/28). What is the units digit of (-1)/l - 1028/(-10)?
3
Let d(k) = k**3 - 7*k**2 - k - 4. Let b be d(7). Let r = b + 531. What is the tens digit of r?
2
Suppose -5*v = 5*r - 20, 22 = -r + 4*r - 2*v. Suppose 3*t + 1725 = r*t. What is the units digit of t?
5
Suppose 14097 = 297*r - 294*r. What is the thousands digit of r?
4
What is the ten thousands digit of (-5908)/(63/(-42)*4/57)?
5
Let l(z) be the second derivative of 124*z**4/3 + z**3/3 + 2*z**2 - z - 58. What is the units digit of l(-2)?
4
Let u = -126 - -146. Suppose 960 = u*l - 14*l. What is the hundreds digit of l?
1
Let j(z) = -14*z + 20. Let p be j(1). What is the units digit of 3370/p + -3 + 21/9?
1
Let b be (-24582)/42 - (-2)/7. Let f = 0 - b. What is the hundreds digit of f?
5
Let k be ((-84)/(-16))/(2/8). Let a be 585020/(-250) - (-4)/50. What is the tens digit of 3/k - a/35?
6
Suppose 0 = -z + 4*z. Suppose z = 10*n - 3*n. What is the units digit of 78 + -1*(2 - n)?
6
Suppose 27*d = -25*d + 27*d + 329975. What is the hundreds digit of d?
1
Let r(f) = -f**3 + 2*f**2 + 8*f + 5. Let w be 8/(-14) + (-360)/105. Let d be r(w). Suppose 0*q + q = 3*v - 28, -5*q + d = 4*v. What is the tens digit of v?
1
Suppose -5*q = -4*s + 53, -3 - 2 = q. Let i(w) = 7 - s*w - 37*w + 18*w. What is the tens digit of i(-4)?
1
Suppose 5*r - 2*h = -324, 4*h + 77 = -r + 21. Let p = 66 + r. Let k = p - -14. What is the tens digit of k?
1
Suppose 0 = -3*k - 2*k - 3*h + 281, -3*h - 9 = 0. Suppose -2*j - j = -3*a - 78, -2*a - k = j. What is the tens digit of (-2653)/a - 3/(-12)?
9
Let y(k) = 3 + 1 + k + 2 - 3. Let v be y(-3). Suppose v = -5*l - 3*u, 5*u + 10 = -15. What is the units digit of l?
3
What is the units digit of (21/(-56)*4)/(6 - 4250/708)?
1
Suppose 64*d - 58*d - 3456 = 0. What is the tens digit of (131*(-1)/2)/((-48)/d)?
8
Let g = -64 - -58. Let w = 11 + g. Suppose -j + 307 = d + d, -131 = -d - w*j. What is the tens digit of d?
5
Let q = 107 - 191. Let x = 101 + q. What is the tens digit of x?
1
Suppose 2499*z + 17995 = 2500*z. What is the ten thousands digit of z?
1
Let t be ((-27)/(-2))/(22/((-9152